 661
What are the prime factors of 6888?
2, 3, 7, 41
What are the prime factors of 1515?
3, 5, 101
What are the prime factors of 2004?
2, 3, 167
List the prime factors of 2635.
5, 17, 31
What are the prime factors of 85649?
41, 2089
What are the prime factors of 3705?
3, 5, 13, 19
List the prime factors of 6152.
2, 769
List the prime factors of 1089.
3, 11
What are the prime factors of 969?
3, 17, 19
List the prime factors of 2897.
2897
List the prime factors of 111775.
5, 17, 263
List the prime factors of 30091.
30091
List the prime factors of 5419.
5419
What are the prime factors of 19039?
79, 241
List the prime factors of 3018.
2, 3, 503
What are the prime factors of 12060?
2, 3, 5, 67
List the prime factors of 969.
3, 17, 19
What are the prime factors of 5247?
3, 11, 53
List the prime factors of 251.
251
What are the prime factors of 15403?
73, 211
List the prime factors of 829.
829
List the prime factors of 5841.
3, 11, 59
What are the prime factors of 39573?
3, 4397
List the prime factors of 1448.
2, 181
What are the prime factors of 79?
79
What are the prime factors of 104208?
2, 3, 13, 167
List the prime factors of 3667.
19, 193
What are the prime factors of 344?
2, 43
What are the prime factors of 1673?
7, 239
List the prime factors of 5908.
2, 7, 211
What are the prime factors of 3331?
3331
What are the prime factors of 31831?
139, 229
What are the prime factors of 471?
3, 157
What are the prime factors of 70388?
2, 17597
List the prime factors of 2301.
3, 13, 59
List the prime factors of 23650.
2, 5, 11, 43
What are the prime factors of 3564?
2, 3, 11
What are the prime factors of 49324?
2, 11, 19, 59
What are the prime factors of 76098?
2, 3, 11, 1153
List the prime factors of 3116.
2, 19, 41
What are the prime factors of 2652?
2, 3, 13, 17
What are the prime factors of 42593?
191, 223
List the prime factors of 63041.
11, 521
What are the prime factors of 3326?
2, 1663
List the prime factors of 9289.
7, 1327
List the prime factors of 32658.
2, 3, 5443
List the prime factors of 3985.
5, 797
What are the prime factors of 48492?
2, 3, 449
List the prime factors of 1548.
2, 3, 43
What are the prime factors of 9288?
2, 3, 43
List the prime factors of 45635.
5, 9127
What are the prime factors of 43622?
2, 17, 1283
List the prime factors of 13706.
2, 7, 11, 89
What are the prime factors of 198617?
31, 43, 149
What are the prime factors of 4525?
5, 181
What are the prime factors of 4255?
5, 23, 37
List the prime factors of 28458.
2, 3, 17, 31
What are the prime factors of 33425?
5, 7, 191
List the prime factors of 2547.
3, 283
What are the prime factors of 625?
5
List the prime factors of 6542.
2, 3271
What are the prime factors of 3489?
3, 1163
List the prime factors of 850.
2, 5, 17
What are the prime factors of 138090?
2, 3, 5, 4603
What are the prime factors of 10430?
2, 5, 7, 149
List the prime factors of 3629.
19, 191
List the prime factors of 1670.
2, 5, 167
What are the prime factors of 1205?
5, 241
List the prime factors of 33324.
2, 3, 2777
What are the prime factors of 48845?
5, 9769
What are the prime factors of 5659?
5659
List the prime factors of 2347.
2347
List the prime factors of 10171.
7, 1453
What are the prime factors of 160193?
11, 14563
List the prime factors of 52645.
5, 10529
List the prime factors of 11.
11
List the prime factors of 28697.
28697
What are the prime factors of 1735?
5, 347
List the prime factors of 12647.
12647
List the prime factors of 6709.
6709
What are the prime factors of 1331?
11
What are the prime factors of 9263?
59, 157
List the prime factors of 833.
7, 17
What are the prime factors of 812?
2, 7, 29
What are the prime factors of 62506?
2, 31253
List the prime factors of 24003.
3, 7, 127
What are the prime factors of 7997?
11, 727
List the prime factors of 80344.
2, 11, 83
List the prime factors of 15486.
2, 3, 29, 89
What are the prime factors of 17353?
7, 37, 67
List the prime factors of 787.
787
List the prime factors of 4153.
4153
List the prime factors of 16233.
3, 7, 773
List the prime factors of 5936.
2, 7, 53
What are the prime factors of 1188?
2, 3, 11
What are the prime factors of 2502?
2, 3, 139
What are the prime factors of 630?
2, 3, 5, 7
List the prime factors of 14084.
2, 7, 503
What are the prime factors of 935?
5, 11, 17
List the prime factors of 14.
2, 7
What are the prime factors of 2194?
2, 1097
List the prime factors of 38220.
2, 3, 5, 7, 13
List the prime factors of 49049.
7, 11, 13
List the prime factors of 21029.
17, 1237
What are the prime factors of 2185?
5, 19, 23
List the prime factors of 824.
2, 103
What are the prime factors of 856?
2, 107
What are the prime factors of 22062?
2, 3, 3677
What are the prime factors of 27595?
5, 5519
List the prime factors of 244.
2, 61
What are the prime factors of 15349?
15349
List the prime factors of 2080.
2, 5, 13
What are the prime factors of 7684?
2, 17, 113
What are the prime factors of 11241?
3, 1249
List the prime factors of 856.
2, 107
What are the prime factors of 120905?
5, 24181
What are the prime factors of 3107?
13, 239
List the prime factors of 70646.
2, 35323
What are the prime factors of 1293?
3, 431
What are the prime factors of 147830?
2, 5, 14783
List the prime factors of 8987.
11, 19, 43
List the prime factors of 8735.
5, 1747
List the prime factors of 87303.
3, 29101
What are the prime factors of 47442?
2, 3, 7907
List the prime factors of 37474.
2, 41, 457
List the prime factors of 840.
2, 3, 5, 7
What are the prime factors of 6272?
2, 7
What are the prime factors of 3212?
2, 11, 73
List the prime factors of 3205.
5, 641
What are the prime factors of 80785?
5, 107, 151
List the prime factors of 4097.
17, 241
What are the prime factors of 6645?
3, 5, 443
What are the prime factors of 18712?
2, 2339
List the prime factors of 2362.
2, 1181
List the prime factors of 16912.
2, 7, 151
What are the prime factors of 6634?
2, 31, 107
What are the prime factors of 1476?
2, 3, 41
What are the prime factors of 30693?
3, 13, 787
What are the prime factors of 1459?
1459
List the prime factors of 21807.
3, 2423
What are the prime factors of 8862?
2, 3, 7, 211
What are the prime factors of 726?
2, 3, 11
What are the prime factors of 94?
2, 47
List the prime factors of 96626.
2, 48313
What are the prime factors of 12439?
7, 1777
What are the prime factors of 2940?
2, 3, 5, 7
What are the prime factors of 1021?
1021
What are the prime factors of 125?
5
List the prime factors of 14449.
14449
List the prime factors of 328.
2, 41
What are the prime factors of 14252?
2, 7, 509
List the prime factors of 10579.
71, 149
List the prime factors of 2609.
2609
What are the prime factors of 24972?
2, 3, 2081
List the prime factors of 397.
397
List the prime factors of 1090.
2, 5, 109
List the prime factors of 913.
11, 83
What are the prime factors of 1135?
5, 227
List the prime factors of 75150.
2, 3, 5, 167
List the prime factors of 1685.
5, 337
What are the prime factors of 10282?
2, 53, 97
What are the prime factors of 715?
5, 11, 13
What are the prime factors of 26134?
2, 73, 179
List the prime factors of 441.
3, 7
What are the prime factors of 2872?
2, 359
What are the prime factors of 94413?
3, 11, 2861
List the prime factors of 14078.
2, 7039
What are the prime factors of 17888?
2, 13, 43
What are the prime factors of 7503?
3, 41, 61
What are the prime factors of 153662?
2, 76831
List the prime factors of 19.
19
List the prime factors of 152751.
3, 59, 863
What are the prime factors of 392?
2, 7
List the prime factors of 2892.
2, 3, 241
What are the prime factors of 142870?
2, 5, 7, 13, 157
What are the prime factors of 42812?
2, 7, 11, 139
What are the prime factors of 49241?
41, 1201
List the prime factors of 928.
2, 29
What are the prime factors of 1223?
1223
List the prime factors of 10921.
67, 163
List the prime factors of 137066.
2, 19, 3607
What are the prime factors of 7167?
3, 2389
What are the prime factors of 4035?
3, 5, 269
List the prime factors of 1308.
2, 3, 109
What are the prime factors of 585?
3, 5, 13
What are the prime factors of 202770?
2, 3, 5, 751
What are the prime factors of 8956?
2, 2239
What are the prime factors of 3647?
7, 521
What are the prime factors of 16696?
2, 2087
List the prime factors of 